- 4*w - 24877 - 18934 = 0. Calculate the greatest common divisor of 14 and i.
7
Let z be 2/(-10) + 962/185. Suppose n + 3*n - f = 37, -3*n = z*f + 1. What is the highest common divisor of n and 10?
2
Let o = -37 - -39. Suppose 0*t = 5*c - 4*t + 10, -o*c + 2*t = 6. Suppose 2*m + 4*k = 46 + 14, 4*m - 126 = -c*k. Calculate the highest common factor of m and 4.
4
Suppose 16 = 4*t, t = 3*a - 14 + 6. Let y(w) = 2*w - 6. Let q(i) = 68*i - 47. Let k be q(1). Let c be y(k). Calculate the highest common divisor of a and c.
4
Let l = -33699 + 35363. Calculate the greatest common divisor of 1920 and l.
128
Suppose 3*a + 4*k = 22, -4*a + 0*k = -k - 23. Suppose -12*z + a*z = -30. What is the highest common divisor of 7 and z?
1
Let i be (63/(-36))/((-1)/324). Calculate the highest common divisor of 7 and i.
7
Let b be ((-448)/6)/(3*(-1)/27). Calculate the greatest common divisor of b and 504.
168
Suppose -12077 = -24*c - 7469. What is the greatest common factor of 3288 and c?
24
Suppose 286 = 4*t + 2*j, 12*t - 9*t + 3*j - 213 = 0. Calculate the greatest common factor of t and 177.
3
Let d(g) = 124*g - 175. Let j be d(6). Let m = -542 + j. Let i = -6 - -24. Calculate the greatest common divisor of m and i.
9
Let c be (-903)/28*68/(-51). What is the greatest common factor of 14405 and c?
43
Let p be (-6)/5*(116480/24)/(-28). What is the greatest common factor of 351 and p?
13
Let x(n) = -3641*n - 2033. Let m be x(-1). What is the greatest common factor of 168 and m?
24
Let m be -16*94/(9 - 11). What is the highest common factor of 141 and m?
47
Suppose 14*h - 2*u - 7143 = 13*h, -4*h - u = -28563. What is the greatest common factor of h and 37?
37
Let q be 1314/15 - (84/(-35))/6. Suppose -q = -17*l + 14. Calculate the greatest common divisor of l and 6.
6
Let r = 9234 - 9073. Calculate the greatest common divisor of 511 and r.
7
Suppose -o = b - 42, -5*o + 2*b + 216 = 4*b. Let x be ((-36)/(-9))/(1/11). Calculate the highest common factor of o and x.
44
Let q be (-4012)/(-14) + ((-1140)/84 - -13). Let z = 198 - 94. Calculate the greatest common divisor of z and q.
26
Suppose 3*t + 9 = 4*t. Suppose 0 = 2*u + 3*f + f + 356, -351 = 2*u + 3*f. Let l = -123 - u. Calculate the highest common factor of t and l.
9
Let b = 661 + -177. What is the greatest common factor of b and 16?
4
Let t(k) = 3*k**2 + 7*k - 4. Suppose -3*b - 21 = -10*b. Suppose 0 = b*p + 4*w, p + 4*w + 7 = -1. Let o be t(p). Calculate the highest common divisor of o and 8.
8
Suppose -48 = -c - 2*c. Let s be 20 - -4*(-12)/c. Let h(l) = -7*l - 156. Let a be h(-32). Calculate the greatest common divisor of s and a.
17
Suppose 0 = -i + 3*v + 8, -2*i + 4*v - 21 = -7*i. Let t be (-1 - 31)/(i/(-20)*2). Suppose -48 = 116*j - 119*j. Calculate the highest common divisor of j and t.
16
Suppose 31*p + 23*p - 25650 = 9*p. What is the greatest common factor of p and 930?
30
Let t(o) = 38*o**2 - 8*o - 7. Let n be t(-1). Let a = 614 + -432. Calculate the highest common divisor of n and a.
13
Let n = -38 - -127. Suppose -n + 86 = -a. Suppose 2 = m - 2, 19 = a*s + 4*m. What is the highest common divisor of 1 and s?
1
Suppose 8*p + 190 = 13*p. Let m = 359 - 93. Calculate the greatest common factor of m and p.
38
Suppose 29*b = -3163 + 9616 + 2943. Calculate the greatest common factor of b and 192.
12
Suppose 5108 = 9*l + 4928. Let b be (-6)/4 - 105/(-6). Calculate the greatest common divisor of b and l.
4
Suppose -2*c + 2188 = 3*c + 4*m, 829 = 2*c - 5*m. Calculate the greatest common factor of 4464 and c.
144
Let m = 59 + -58. Let t(y) = 20*y. Let s be t(m). Calculate the greatest common factor of 20 and s.
20
Suppose 5*a - 45 - 5 = 0. Let d be (-138)/(-18) + 2/(-3). Suppose d*b = 128 + 152. What is the highest common factor of b and a?
10
Let g(c) = 58*c + 13. Let a be g(3). Suppose 5*y + a + 1716 = 3*u, 2*u - 1268 = 4*y. Calculate the highest common divisor of u and 12.
12
Let h be (209/2)/(3/6). Let o be h/11 + -1 + 0. What is the highest common divisor of 486 and o?
18
Let s be ((-108)/42)/(6/(-42)). Let p be (-198)/(-42) - 4/(-14). Let i = 95 - p. What is the highest common divisor of i and s?
18
Let m be (-15 - 4)/(3/(-183)). Calculate the highest common factor of m and 361.
19
Let k = -57 + 102. Suppose 0 = j - 184 - 176. Calculate the highest common factor of k and j.
45
Suppose -28*r + 33*r - 25 = -2*u, 0 = -2*r + 3*u - 9. Calculate the greatest common factor of 332 and r.
1
Let p(u) = u**2 - 8*u + 6. Let o be p(12). Let k = -50 + o. Suppose -z - 5*w + w = -80, -k*z = -3*w - 225. Calculate the greatest common divisor of 45 and z.
15
Let x = 3039 + -2559. Calculate the highest common divisor of 1360 and x.
80
Let q(o) = -o**2 + 26*o + 71. Let t be q(21). Suppose 24*g + t = 28*g. Suppose 4*s = 12 + 4. Calculate the greatest common factor of s and g.
4
Let x be ((-8)/16)/(2/(-152)). Suppose -39*d = -x*d - 4. Suppose 6*m - 32 = 2*m - 2*i, -29 = -3*m - d*i. What is the greatest common divisor of 21 and m?
7
Let x = -1291 + 1330. Let v(h) = 65*h - 13. Let l be v(5). Calculate the highest common factor of x and l.
39
Suppose -44*v - 128*v = -18*v - 185724. Calculate the greatest common factor of 8241 and v.
201
Suppose -27*p + 24*p = 0. Suppose p = 7*y - 8*y + 75. Let j = -71 + y. What is the highest common factor of 32 and j?
4
Let j(i) = -i**3 + 29*i**2 + 97*i - 150. Let o be j(28). What is the greatest common divisor of o and 268?
134
Suppose -4*v - a + 44218 = 0, 22*a - 55277 = -5*v + 20*a. What is the highest common factor of v and 7?
7
Let m = -12 + 19. Let c(y) = 5*y**2 - 2*y - 14. Let j be c(m). Let s = j - 118. What is the highest common factor of s and 9?
9
Suppose -5*w = x - 2028, 17*w - 20*w - 5*x = -1230. What is the greatest common factor of w and 10?
5
Let o = 43 - 93. Let h = 52 + o. Suppose 2*a - 3*a = u - 59, -113 = -h*u - a. Calculate the greatest common factor of 6 and u.
6
Suppose 0*x + 372 = 2*x. Let j be (-18 - (-48)/8) + 43. What is the highest common divisor of x and j?
31
Let z = -39 + -8. Let d = z + 49. What is the highest common divisor of 19 and d?
1
Let z(y) = 3*y**2 - 13*y - 26. Let x = -483 + 490. Let d be z(x). Let r = -315 - -645. Calculate the highest common divisor of d and r.
30
Suppose -173*w + 177*w + 112 = 0. Let t be (-7)/w*-50*-2. Calculate the highest common divisor of t and 2.
1
Let i be (8/2)/(4/28). Let y(n) = -38*n - 4 + 0 + 12*n. Let j be y(-12). Calculate the greatest common divisor of i and j.
28
Let q(y) = -4*y - 6. Let h be q(-2). Suppose h*k - 165 = 3*v, -6*k + k = -v - 406. Suppose 5*u + k = 8*u. Calculate the greatest common factor of u and 243.
27
Suppose -p + 4*t = -524, -4*p - 5*t - 11 = -2128. Calculate the greatest common factor of p and 363.
33
Suppose 2522*i - 2553*i = -2821. What is the highest common factor of 77 and i?
7
Let w be (-40)/12*(-36)/(-20). Let a(g) = -31*g - 138. Let b be a(w). What is the highest common divisor of b and 816?
48
Suppose -15 = -5*s - 5. Let y(m) = 13*m + 18. Let w be y(-1). Calculate the greatest common factor of s and w.
1
Let b(v) = 243*v - 3755. Let r be b(16). What is the highest common divisor of r and 323?
19
Let v = -1038 - -1045. What is the highest common factor of 378 and v?
7
Suppose -98*p = -2*p - 6134 - 586. Calculate the highest common factor of p and 2630.
10
Let n = -283 + 317. Suppose -41*t = -n*t - 1232. Calculate the greatest common divisor of t and 132.
44
Let a be (-192)/704 + (-380)/(-22) + -3. Let w be 5*(26/10 + -2). Suppose -3*s + 43 = f, -w*s - 3*f + 45 = -0*s. What is the highest common factor of s and a?
14
Suppose 12*f - 8*f - 3207 = -5*k, -f = 5*k - 3198. Let t = -630 + k. Calculate the greatest common divisor of t and 33.
3
Suppose -5*o + 83 = -5*w - 32, -3*o - 4*w + 76 = 0. Calculate the greatest common factor of o and 2148.
12
Suppose 0 = 8*h - 2*h + 6. Let w be 2 + h - (-11)/(33/4344). Suppose -2*d = -5*i + 1794, -4*i - 2*d + w = d. Calculate the greatest common factor of 45 and i.
45
Let o(t) = -2*t - 29. Let p be o(-21). Suppose 4*h = -j - p, 5*j - 5*h = -0*j - 40. Let k = j - -22. What is the greatest common divisor of k and 78?
13
Let u be 22/8 - (-90)/72. Let x(l) = 5*l**2 - l - 1. Let a be x(2). Suppose 3*c - a - 7 = 0. Calculate the highest common divisor of c and u.
4
Let m(v) = 